 common factor of 1189 and 205?
41
Calculate the greatest common factor of 86 and 3999.
43
What is the greatest common divisor of 348 and 24?
12
Calculate the greatest common divisor of 14 and 10647.
7
Calculate the highest common factor of 28 and 446.
2
What is the highest common divisor of 162 and 180?
18
Calculate the greatest common factor of 7689 and 165.
33
Calculate the greatest common divisor of 99 and 11.
11
What is the highest common divisor of 444 and 684?
12
Calculate the highest common divisor of 802 and 2.
2
What is the highest common divisor of 198 and 88?
22
What is the greatest common divisor of 1719 and 27?
9
What is the highest common factor of 250 and 75?
25
Calculate the highest common divisor of 123 and 205.
41
Calculate the highest common divisor of 340 and 27370.
170
What is the highest common divisor of 207 and 2415?
69
What is the greatest common divisor of 55 and 385?
55
Calculate the greatest common divisor of 103 and 3090.
103
What is the greatest common divisor of 18 and 261?
9
Calculate the highest common divisor of 1638 and 378.
126
Calculate the highest common divisor of 30 and 3090.
30
Calculate the greatest common divisor of 48 and 10452.
12
What is the greatest common divisor of 505 and 5353?
101
What is the highest common factor of 33 and 1254?
33
Calculate the greatest common factor of 252 and 162.
18
What is the greatest common divisor of 200 and 8?
8
What is the greatest common divisor of 3306 and 78?
6
What is the greatest common divisor of 8670 and 390?
30
Calculate the highest common factor of 78 and 208.
26
Calculate the greatest common divisor of 288 and 315.
9
What is the greatest common divisor of 11 and 22?
11
What is the greatest common factor of 48 and 1656?
24
Calculate the highest common divisor of 56 and 1484.
28
Calculate the greatest common divisor of 142 and 6.
2
What is the highest common divisor of 18 and 2367?
9
Calculate the highest common factor of 309 and 33063.
309
Calculate the greatest common divisor of 16 and 56.
8
What is the greatest common divisor of 1098 and 244?
122
Calculate the highest common divisor of 268 and 4.
4
What is the highest common divisor of 610 and 30?
10
Calculate the greatest common factor of 390 and 273.
39
Calculate the greatest common divisor of 176 and 80.
16
Calculate the greatest common factor of 126 and 198.
18
What is the highest common divisor of 598 and 208?
26
Calculate the highest common factor of 9 and 1341.
9
Calculate the greatest common factor of 497 and 355.
71
Calculate the greatest common factor of 84 and 120.
12
Calculate the greatest common factor of 18 and 3582.
18
Calculate the highest common divisor of 8 and 8248.
8
What is the highest common divisor of 230 and 20?
10
Calculate the highest common divisor of 620 and 20.
20
Calculate the greatest common divisor of 119 and 969.
17
What is the highest common factor of 81 and 8748?
81
Calculate the greatest common factor of 9 and 243.
9
What is the highest common factor of 36 and 4?
4
Calculate the greatest common divisor of 781 and 11.
11
Calculate the greatest common factor of 28 and 126.
14
Calculate the greatest common divisor of 102 and 1394.
34
What is the greatest common divisor of 3 and 57?
3
Calculate the greatest common factor of 985 and 5.
5
What is the highest common divisor of 476 and 28?
28
What is the greatest common divisor of 98 and 66?
2
What is the highest common factor of 820 and 287?
41
What is the greatest common factor of 39 and 221?
13
What is the greatest common divisor of 24 and 4332?
12
What is the greatest common factor of 5145 and 45?
15
What is the highest common divisor of 5 and 355?
5
Calculate the highest common divisor of 1496 and 88.
88
What is the highest common divisor of 76 and 16?
4
Calculate the greatest common factor of 68 and 2108.
68
Calculate the greatest common divisor of 48 and 1752.
24
Calculate the greatest common divisor of 1072 and 12.
4
Calculate the greatest common factor of 58 and 1334.
58
What is the highest common factor of 11 and 583?
11
Calculate the greatest common divisor of 7494 and 6.
6
Calculate the greatest common factor of 820 and 30.
10
Calculate the greatest common divisor of 10577 and 21.
7
What is the highest common factor of 40 and 120?
40
What is the highest common divisor of 756 and 1764?
252
What is the highest common divisor of 162 and 6?
6
Calculate the highest common divisor of 38 and 741.
19
What is the greatest common divisor of 410 and 902?
82
What is the greatest common factor of 248 and 589?
31
What is the highest common divisor of 30 and 330?
30
Calculate the greatest common factor of 152 and 209.
19
What is the highest common factor of 4 and 332?
4
What is the highest common factor of 2 and 338?
2
What is the greatest common factor of 2249 and 65?
13
What is the greatest common divisor of 688 and 8?
8
Calculate the greatest common factor of 75 and 90.
15
What is the greatest common divisor of 30 and 105?
15
What is the highest common factor of 723 and 60?
3
Calculate the highest common divisor of 60 and 135.
15
Calculate the highest common divisor of 1 and 8.
1
Calculate the highest common factor of 32 and 544.
32
Calculate the greatest common divisor of 24 and 2904.
24
What is the highest common divisor of 2775 and 75?
75
Calculate the highest common divisor of 14 and 2751.
7
What is the greatest common factor of 41 and 738?
41
Calculate the greatest common divisor of 642 and 24.
6
Calculate the greatest common divisor of 143 and 77.
11
What is the greatest common factor of 21 and 6937?
7
What is the greatest common factor of 294 and 56?
14
Calculate the highest common factor of 606 and 12.
6
Calculate the greatest common factor of 2567 and 34.
17
Calculate the greatest common divisor of 33 and 9075.
33
Calculate the highest common divisor of 3633 and 42.
21
What is the highest common factor of 14 and 896?
14
Calculate the greatest common divisor of 492 and 9.
3
What is the greatest common factor of 4118 and 58?
58
Calculate the greatest common divisor of 650 and 200.
50
Calculate the greatest common factor of 84 and 204.
12
Calculate the greatest common divisor of 481 and 104.
13
Calculate the highest common factor of 154 and 14.
14
What is the highest common divisor of 125 and 25?
25
Calculate the highest common divisor of 9338 and 29.
29
Calculate the greatest common divisor of 117 and 1547.
13
What is the highest common factor of 629 and 37?
37
What is the greatest common divisor of 4704 and 768?
96
Calculate the greatest common divisor of 110 and 462.
22
What is the highest common factor of 2512 and 48?
16
Calculate the highest common divisor of 266 and 14.
14
Calculate the highest common factor of 85 and 544.
17
Calculate the greatest common factor of 108 and 117.
9
Calculate the highest common divisor of 22438 and 26.
26
Calculate the highest common divisor of 1853 and 85.
17
What is the highest common factor of 330 and 60?
30
Calculate the highest common divisor of 35354 and 88.
22
Calculate the highest common factor of 148 and 518.
74
Calculate the greatest common divisor of 1573 and 13.
13
Calculate the highest common factor of 31 and 992.
31
What is the highest common divisor of 7146 and 36?
18
Calculate the greatest common factor of 1053 and 156.
39
Calculate the highest common factor of 2827 and 121.
11
Calculate the greatest common factor of 345 and 138.
69
What is the highest common factor of 327 and 545?
109
What is the greatest common divisor of 400 and 304?
16
What is the highest common factor of 20 and 2440?
20
What is the highest common factor of 29 and 14?
1
What is the highest common factor of 113 and 226?
113
Calculate the greatest common divisor of 6 and 50.
2
Calculate the greatest common factor of 619 and 1.
1
Calculate the highest common factor of 3933 and 345.
69
What is the highest common factor of 33 and 363?
33
Calculate the greatest common divisor of 40 and 50.
10
What is the highest common divisor of 2774 and 95?
19
What is the highest common factor of 8427 and 477?
159
Calculate the highest common factor of 35 and 5026.
7
What is the highest common divisor of 26560 and 80?
80
Calculate the greatest common factor of 216 and 72.
72
What is the greatest common divisor of 